/40)/((-2)/(-8)) is divided by 32?
29
Let n = 9 + -3. Suppose -2*t - 4*h = 4, 3*h - 14 = -4*t + n*h. What is the remainder when t is divided by 2?
0
Suppose -4*j = -2*t + 20, 0*j + 4*t = j - 2. Let p(s) = s**2 + 4*s + 2. What is the remainder when 41 is divided by p(j)?
13
Let g be 2/10 - (-208)/10. Let o be 2/3 - 182/g. What is the remainder when 3 - (o + (0 - 3)) is divided by 8?
6
Let p(z) = 2*z + 8. Let w be p(-6). What is the remainder when 26 is divided by (30 + -2)*(-2)/w?
12
Let a = -17 - -21. Calculate the remainder when 12 is divided by a.
0
Let j(u) = -u**3 - 6*u**2 + u + 8. Let r be j(-6). Let x be (-4 + 16)/((-3)/r). What is the remainder when x/(-2 + 0/1) is divided by 2?
0
Suppose -2*p + 4 = 0, 3*g - 5*g + 4*p - 20 = 0. Let s be (-94)/18 - g/27. Calculate the remainder when 42*(-2 - s/2) is divided by 11.
10
Let n be 0 - (-2)/2 - -1. Suppose n*m = m + 12. What is the remainder when 35 is divided by m?
11
Suppose -4*d - 5*p = -0*d - 60, -2*d = -3*p - 30. Suppose 14*r - 6*r = 344. What is the remainder when r is divided by d?
13
Let g be (-4)/2 + -1 + 12. Suppose -3*m - g = 0, -2*u + 3*u - m + 1 = 0. What is the remainder when 37 is divided by (-78)/u*(-6)/(-9)?
11
Suppose 17 = -5*x + 77. Calculate the remainder when x is divided by 6.
0
Let b(h) = -h**2 + 8*h - 6. Let r be b(5). Let w be 27/(-2)*(-24)/r. Suppose -n + 4*n = w. What is the remainder when 22 is divided by n?
10
What is the remainder when (-2)/4 - 94/(-4) is divided by ((-8)/10)/((-28)/210)?
5
Let k = -19 - -35. What is the remainder when k is divided by 10?
6
Let u(t) = -5*t**3 - t**2 - 2*t - 1. Suppose 6 = 4*v + 5*m, -3*v = -5*m - 0 + 13. What is the remainder when 19 is divided by u(v)?
4
Suppose 21 + 9 = -6*z. Let n(i) = -i**3 - 4*i**2 + 7. What is the remainder when n(z) is divided by 12?
8
Let t be (3 - -2)*(-336)/(-15). Calculate the remainder when t/2*(-2)/(-4) is divided by 10.
8
Suppose 2*v + 6 = 0, t + 3 = v + 2. Let k = 20 + t. Calculate the remainder when 31 is divided by k.
15
Let j = -1 + 20. Calculate the remainder when j is divided by (-1)/1 + 1*8.
5
Suppose -2*k + 5*d + 17 = 0, -4*k + 12 = -5*d - 7. Suppose -2*v = 5*r - 32, -r - 5 + k = 0. What is the remainder when v is divided by 9?
8
Let i = -246 - -396. Suppose -5*z = 30 - i. Calculate the remainder when 71 is divided by z.
23
Suppose 5*k - 201 = -3*u + 2*k, -2*u = 5*k - 134. Calculate the remainder when u is divided by 24.
19
Let h = 17 - -8. What is the remainder when h is divided by 6?
1
Let i(v) = v**3 - 7*v**2 - 2*v + 2. Let d be i(7). Calculate the remainder when 11 is divided by (d + -2)*(-3)/6.
4
Let w = -2 - -14. Calculate the remainder when 22 is divided by w.
10
Let j(x) = -x**2 + 11*x - 1. Suppose 4*p - 5*p + 10 = 0. What is the remainder when 25 is divided by j(p)?
7
Let d = -1 - -6. What is the remainder when 19 is divided by d?
4
Suppose -a = -5*a + 4. Let y = 7 + -4. Calculate the remainder when 4*(0 + 2)*a is divided by y.
2
Let g(h) = -h**3 + 4*h**2 - h - 1. Let d be g(4). Let u = d + 0. What is the remainder when 17 is divided by (-4)/(-10) + (-43)/u?
8
Let c(g) = g**3 + 7*g**2 + 1. Let u be c(-7). Suppose -k = -3 - u. What is the remainder when 15 is divided by k?
3
Suppose 2*r - 132 = 38. Calculate the remainder when r is divided by 22.
19
What is the remainder when 13 is divided by (-2)/4*28/(-7)?
1
Suppose 3*t + 7 = -2, 2*c - 9 = t. Let g = 6 - c. Calculate the remainder when 5 is divided by g.
2
Let s(u) = -16*u - 5. What is the remainder when s(-2) is divided by 4?
3
Let i be 3/(-1 + 26/20). Suppose 0 = 5*v - i*v - 50. Calculate the remainder when v*3*(-6)/5 is divided by 19.
17
Let r = 14 - 6. Suppose 5 = 2*x - 2*c + 7*c, 4*c = 5*x - 95. Calculate the remainder when x is divided by r.
7
Let v = -31 + 65. What is the remainder when v is divided by -3 - -5 - (0 - 10)?
10
Calculate the remainder when (14/42)/((-1)/(-147)) is divided by 17.
15
Suppose -l - 8 = 5*v - 21, 0 = -4*l - 5*v + 22. Suppose 2*d = 5*i + 4, -4*d + 4 = -2*d - i. What is the remainder when l is divided by d?
1
Calculate the remainder when 63 is divided by (-4)/3*648/(-27).
31
Let s = 19 - 10. Suppose 0*l - 25 = -5*l. Calculate the remainder when s is divided by l.
4
Suppose -3*c = -2 - 16. Calculate the remainder when (-8)/(-16) - (-19)/2 is divided by c.
4
Let u(c) = c**2 + 2*c + 3. Let p(q) = -3*q + 8*q**2 + q**3 + 3*q - 6. Calculate the remainder when p(-7) is divided by u(-4).
10
Let i = -9 - -58. Let t = 33 - 20. What is the remainder when i is divided by t?
10
Suppose 88 = -2*q + 6*q. Let v = q - 9. What is the remainder when 51 is divided by v?
12
Suppose -g + 3*h = -65, -3*g - 87 + 262 = -5*h. Suppose 0*p + g = 2*p. What is the remainder when p is divided by 7?
4
Let r(a) = 4*a**2 + 5*a + 7. What is the remainder when r(-3) is divided by 15?
13
Let q = 2 - -1. Let c(g) = g + 0 - 1 - q*g. What is the remainder when 5 is divided by c(-2)?
2
Let l(o) = -2*o - 2. Let c be l(3). Let a(h) be the first derivative of -2*h**2 - 10*h - 10. What is the remainder when a(c) is divided by 12?
10
Let q = 41 + 14. Calculate the remainder when 164 is divided by q.
54
Suppose -7*j + 3*j = -12. Calculate the remainder when j is divided by (-20)/4*(-6)/15*1.
1
Let a(j) = -21*j**3. Let z be a(-1). Suppose -z = -3*l - 6. Suppose l*p - 4 = 21. Calculate the remainder when 13 is divided by p.
3
Suppose 0 = -3*q - 5*d + 91, 3*q + 7*d = 8*d + 97. What is the remainder when q is divided by 12?
8
Let g be -2 + 0 + 3 + 13. Let q = g - 6. Let u(a) = 2*a - 1. Calculate the remainder when q is divided by u(2).
2
Let k = 314 + -217. Calculate the remainder when k is divided by 33.
31
Suppose 4*o - 38 = -2*k + 22, 5*o + 2*k - 73 = 0. Let b(w) = -w**3 - 6*w**2 - 9*w - 3. What is the remainder when b(-6) is divided by o?
12
Let m(n) = n**3 - 4*n**2 - 7*n. What is the remainder when 117 is divided by m(6)?
27
Suppose -w - w = -82. Let o = 3 + 17. What is the remainder when w is divided by (-105)/o*8/(-3)?
13
Suppose 6*j + 2*j - 192 = 0. What is the remainder when j is divided by 13?
11
Let j(s) = s**3 - 9*s**2 + 14*s - 17. What is the remainder when j(8) is divided by 11?
9
Suppose 10*p - 16 = 2*p. Let o(u) = -u**3 - 7*u**2 - 7*u + 8. Let i be o(-6). Suppose 11 = 5*j - i. Calculate the remainder when j is divided by p.
1
Let p(h) = 2*h + h - 2*h**2 - 5 + 9*h**2. Calculate the remainder when p(3) is divided by 17.
16
Let z(n) = 4*n + 2. What is the remainder when 70 is divided by z(4)?
16
Suppose 0 = 5*n - 2*n. Suppose -r + n*r + 19 = 0. Let b(w) = -19*w - 2. What is the remainder when b(-2) is divided by r?
17
Let x be (-2 - -4) + -3 + 2. What is the remainder when x/(-3)*1*-138 is divided by 12?
10
Let w(z) = -7*z + 1. Let f = 5 + 0. Let r be w(f). Let j = -19 - r. What is the remainder when 59 is divided by j?
14
Let w(g) = g**3 - 7*g**2 + 6*g + 4. What is the remainder when w(6) is divided by 4?
0
Suppose -4*p = -5*p + 3. What is the remainder when 3*(1 + 2)/p is divided by 2?
1
Let m = -16 - 5. Let h = -15 - m. What is the remainder when 23 is divided by h?
5
Suppose -3*f = -3*y + 123, 198 = -5*f - 3*y + y. Let s be (-1)/(-3) + f/(-6). Let p = s - 5. What is the remainder when p is divided by 1?
0
Suppose -14 = -u + 44. Calculate the remainder when u is divided by 10.
8
Let j(q) = 17*q**3 + q. Let b = -5 - -6. Suppose -139 - b = -4*a. Calculate the remainder when a is divided by j(1).
17
Let d be (5/(-2))/(1/(-2)). Suppose -d*k + 0*f + 8 = -f, -2*k = f + 1. What is the remainder when k is divided by 1?
0
Let k(w) = 160*w**2 + 2*w - 1. What is the remainder when k(1) is divided by 41?
38
Let d(p) = 21*p - 35. What is the remainder when d(9) is divided by 26?
24
Let f = 28 + -16. What is the remainder when (-2)/(-7) - (-2240)/49 is divided by f?
10
Suppose -5*x = -2*g - 14, -2*g - 1 - 1 = -2*x. Suppose 0 = j + g*j - 124. Calculate the remainder when j is divided by 16.
15
Let x(p) = -5*p + 4. Calculate the remainder when 22 is divided by x(-2).
8
Suppose -c + 135 = 4*c + 5*o, 3*c + o - 91 = 0. Let n = 48 - c. What is the remainder when 62 is divided by n?
14
Suppose 2 - 1 = 3*l - 4*g, -3*l - 2*g = -13. Let p = 8 - l. Calculate the remainder when (-1 - 2)*(1 - 4) is divided by p.
4
Let l(s) = s**2 - 8*s + 12. Let r(k) = 2*k**